t common divisor of 1062 and 21870?
18
Calculate the highest common factor of 1350 and 73926.
54
What is the greatest common divisor of 145285 and 245?
245
What is the greatest common divisor of 5037 and 17618?
23
What is the highest common factor of 420 and 1366680?
420
What is the greatest common divisor of 835284 and 2538?
282
Calculate the greatest common divisor of 283458 and 5712.
714
Calculate the highest common factor of 55900 and 264966.
1118
What is the greatest common divisor of 468 and 46917?
117
Calculate the highest common divisor of 24 and 71568.
24
Calculate the highest common divisor of 77 and 91469.
7
What is the highest common factor of 25431 and 5243?
49
Calculate the highest common factor of 216211 and 1.
1
Calculate the greatest common factor of 2238 and 3832575.
1119
Calculate the highest common divisor of 1735 and 6645.
5
What is the greatest common factor of 168752 and 689?
53
Calculate the greatest common divisor of 1298 and 3422.
118
What is the greatest common divisor of 55 and 8560?
5
Calculate the highest common divisor of 968417 and 827.
827
Calculate the greatest common factor of 120045 and 302.
151
Calculate the greatest common factor of 2080 and 4693.
13
Calculate the highest common divisor of 275373 and 35.
7
Calculate the greatest common divisor of 968 and 6413.
121
Calculate the greatest common factor of 157808 and 5488.
112
Calculate the greatest common factor of 90 and 680490.
90
What is the highest common factor of 19522 and 2951?
227
What is the highest common factor of 39223 and 2501?
61
Calculate the greatest common factor of 3136 and 503524.
196
What is the highest common divisor of 62857 and 2893?
263
Calculate the highest common factor of 301 and 233576.
301
Calculate the greatest common divisor of 7100 and 59356.
284
What is the highest common divisor of 396 and 3204?
36
Calculate the greatest common divisor of 350 and 52850.
350
Calculate the highest common divisor of 2159 and 918.
17
What is the highest common factor of 16 and 11788?
4
What is the greatest common factor of 118948 and 53572?
908
What is the greatest common divisor of 57 and 11419?
19
What is the highest common factor of 129 and 4?
1
Calculate the highest common divisor of 8 and 1996.
4
What is the greatest common divisor of 114 and 77710?
38
Calculate the greatest common factor of 431652 and 52.
52
Calculate the highest common divisor of 6 and 351652.
2
What is the greatest common divisor of 4235 and 3630?
605
Calculate the highest common factor of 34 and 140403.
17
Calculate the highest common factor of 173346 and 71142.
1002
Calculate the highest common factor of 49374 and 1872.
234
Calculate the greatest common factor of 216 and 31239.
27
Calculate the greatest common divisor of 1012 and 869561.
253
What is the greatest common factor of 160 and 498200?
40
Calculate the highest common factor of 33701 and 16599.
503
What is the highest common factor of 4976 and 144?
16
What is the highest common factor of 8684 and 2125409?
2171
What is the highest common factor of 30 and 1313090?
10
What is the greatest common factor of 246157 and 71?
71
What is the highest common factor of 20 and 29552?
4
What is the greatest common factor of 68 and 11604?
4
What is the highest common divisor of 84 and 33492?
12
Calculate the highest common divisor of 285 and 98344.
19
Calculate the highest common divisor of 330 and 15972330.
330
Calculate the greatest common factor of 72 and 678696.
24
What is the greatest common factor of 159702 and 192?
6
Calculate the greatest common divisor of 109696 and 128.
128
What is the highest common divisor of 954 and 2311542?
954
What is the highest common factor of 1500 and 3870?
30
Calculate the highest common divisor of 341300 and 100.
100
What is the greatest common divisor of 1 and 10313?
1
Calculate the highest common divisor of 6925 and 3275.
25
Calculate the greatest common factor of 9812 and 3791.
223
Calculate the greatest common divisor of 658 and 14899.
47
Calculate the greatest common factor of 23288 and 32.
8
Calculate the highest common divisor of 1365 and 50063.
13
Calculate the greatest common factor of 18365 and 10.
5
What is the greatest common factor of 3478 and 1961?
37
Calculate the greatest common divisor of 3263820 and 409.
409
Calculate the highest common factor of 96 and 1872.
48
What is the greatest common factor of 7236 and 8964?
108
Calculate the highest common divisor of 102986 and 2754.
34
Calculate the greatest common divisor of 2120 and 640.
40
Calculate the highest common divisor of 39 and 300.
3
What is the greatest common factor of 98 and 33859?
49
What is the greatest common factor of 660 and 50790?
30
Calculate the greatest common factor of 2669693 and 65.
13
Calculate the highest common factor of 38 and 1098998.
38
Calculate the highest common divisor of 67780 and 1340.
20
What is the greatest common divisor of 42 and 732214?
14
Calculate the highest common divisor of 5184 and 945.
27
What is the highest common divisor of 1586 and 3163277?
793
Calculate the greatest common divisor of 6622 and 98126.
602
Calculate the greatest common factor of 6897 and 528.
33
What is the highest common divisor of 40991 and 8473?
229
What is the highest common divisor of 22 and 767734?
22
Calculate the greatest common divisor of 68792 and 152.
8
Calculate the greatest common factor of 1366248 and 12.
12
Calculate the highest common divisor of 1638 and 26559.
117
What is the highest common factor of 218 and 38477?
109
What is the highest common divisor of 44 and 31163?
11
What is the greatest common factor of 16 and 519664?
16
Calculate the greatest common factor of 588426 and 12.
6
Calculate the greatest common divisor of 264 and 20526.
66
Calculate the highest common divisor of 506 and 41976.
22
What is the greatest common factor of 40 and 13970220?
20
Calculate the highest common factor of 13248 and 31776.
96
Calculate the highest common factor of 3655 and 1943729.
731
What is the highest common factor of 119798 and 14448?
602
Calculate the greatest common factor of 2703 and 424.
53
What is the highest common factor of 126 and 304353?
63
What is the greatest common divisor of 6354 and 133787?
353
Calculate the highest common divisor of 126852 and 10044.
372
Calculate the greatest common factor of 163950 and 275.
25
Calculate the greatest common divisor of 1552 and 282561.
97
What is the highest common factor of 37990 and 70?
10
Calculate the highest common factor of 355 and 4331.
71
What is the highest common factor of 5180 and 2157988?
1036
Calculate the highest common divisor of 2904 and 2508.
132
Calculate the highest common divisor of 2118366 and 9.
9
What is the greatest common factor of 69750 and 63?
9
What is the highest common divisor of 136 and 2952?
8
What is the greatest common divisor of 100925 and 4025?
25
What is the highest common factor of 13 and 70447?
13
What is the highest common factor of 76 and 1656?
4
What is the greatest common factor of 158 and 19197?
79
What is the highest common divisor of 130800 and 360?
120
Calculate the greatest common divisor of 7284 and 13056.
12
What is the greatest common factor of 84 and 41622?
42
Calculate the greatest common factor of 2438 and 5406.
106
Calculate the greatest common divisor of 16244 and 2096.
524
What is the highest common divisor of 425459 and 5423?
493
What is the greatest common divisor of 16933 and 35301?
287
Calculate the greatest common divisor of 1222 and 4979.
13
Calculate the greatest common factor of 12870 and 1001.
143
Calculate the highest common factor of 100 and 347390.
10
Calculate the highest common divisor of 1978 and 16856.
86
Calculate the greatest common divisor of 961 and 54901.
31
Calculate the highest common factor of 48480 and 192.
96
Calculate the greatest common factor of 675540 and 120.
60
What is the highest common factor of 68689 and 5066?
149
Calculate the highest common divisor of 3442 and 10.
2
What is the greatest common factor of 2802533 and 25659?
2851
Calculate the highest common factor of 72 and 648408.
24
What is the greatest common divisor of 53385 and 15?
15
What is the highest common factor of 1951620 and 60?
60
What is the greatest common divisor of 70691 and 317?
317
Calculate